prime number?
True
Is 42061 a prime number?
True
Is 12137 a prime number?
False
Is 4867 prime?
False
Is 11099 prime?
False
Is 62581 composite?
False
Is 2480161 prime?
True
Is 67955 composite?
True
Is 27707 prime?
False
Is 66137 prime?
True
Is 212991 composite?
True
Is 463093 a composite number?
False
Is 25274 prime?
False
Is 30971 composite?
False
Is 59847 a prime number?
False
Is 4643 composite?
False
Is 4405 prime?
False
Is 5640211 a composite number?
False
Is 476293 a prime number?
False
Is 21881 composite?
False
Is 2537153 prime?
False
Is 297301 a prime number?
False
Is 102133 a composite number?
True
Is 13649 prime?
True
Is 1561 a composite number?
True
Is 1549493 a prime number?
False
Is 6689 a prime number?
True
Is 1937269 composite?
True
Is 234203 a composite number?
False
Is 87 composite?
True
Is 81737 prime?
True
Is 8147 a prime number?
True
Is 5483 a prime number?
True
Is 7211 a composite number?
False
Is 205007 composite?
True
Is 55969 a composite number?
True
Is 311251 composite?
True
Is 493109 a prime number?
True
Is 811037 composite?
False
Is 100511 prime?
True
Is 41579 a composite number?
False
Is 8885 a prime number?
False
Is 15217 prime?
True
Is 417723 composite?
True
Is 692554 prime?
False
Is 76451 composite?
True
Is 1909 prime?
False
Is 101833 a composite number?
False
Is 105991 composite?
True
Is 6074 composite?
True
Is 129845 prime?
False
Is 543341 prime?
True
Is 23189 prime?
True
Is 11717 a prime number?
True
Is 9181 a composite number?
False
Is 128923 a prime number?
True
Is 4829 prime?
False
Is 2165629 prime?
False
Is 2719 a composite number?
False
Is 23357 composite?
False
Is 10793 a composite number?
True
Is 32957 a composite number?
False
Is 36611 a composite number?
True
Is 690869 composite?
False
Is 92749 a prime number?
False
Is 22177 a prime number?
False
Is 72929 a composite number?
True
Is 4751 a prime number?
True
Is 895927 a prime number?
True
Is 620846 a composite number?
True
Is 24251 prime?
True
Is 45581 prime?
False
Is 1255907 a composite number?
False
Is 87853 composite?
False
Is 1397306 a prime number?
False
Is 12178 a composite number?
True
Is 5269 a composite number?
True
Is 214187 a composite number?
True
Is 51329 prime?
True
Is 21001 prime?
True
Is 271769 composite?
False
Is 64747 composite?
False
Is 2819 a composite number?
False
Is 359673 prime?
False
Is 41039 composite?
False
Is 4109 a prime number?
False
Is 1223 a prime number?
True
Is 6353 composite?
False
Is 693649 composite?
True
Is 536878 prime?
False
Is 386 a composite number?
True
Is 6769 a prime number?
False
Is 34457 composite?
False
Is 1434079 a prime number?
False
Is 7433 a prime number?
True
Is 2291 composite?
True
Is 7883 a prime number?
True
Is 14431 a composite number?
False
Is 44383 a prime number?
True
Is 1177609 composite?
False
Is 5399 a composite number?
False
Is 7121 a prime number?
True
Is 1151963 a composite number?
False
Is 64223 composite?
False
Is 43201 prime?
True
Is 74809 a composite number?
True
Is 5333 a composite number?
False
Is 6421 a prime number?
True
Is 47207 composite?
False
Is 487 composite?
False
Is 449 a prime number?
True
Is 5578 a composite number?
True
Is 13291 a prime number?
True
Is 116089 prime?
True
Is 33247 a prime number?
True
Is 206699 a prime number?
True
Is 645619 composite?
True
Is 4115 a prime number?
False
Is 341123 a prime number?
True
Is 21547 composite?
True
Is 9667 prime?
False
Is 476447 a composite number?
True
Is 33917 a composite number?
True
Is 2138093 a prime number?
True
Is 8509 a prime number?
False
Is 4307 composite?
True
Is 54037 composite?
False
Is 5923483 composite?
True
Is 51631 a composite number?
False
Is 5753 a composite number?
True
Is 131483 prime?
False
Is 90971 composite?
False
Is 1104535 a composite number?
True
Is 10007 prime?
True
Is 18317 composite?
True
Is 233969 prime?
True
Is 292097 composite?
True
Is 1961 a prime number?
False
Is 3181 composite?
False
Is 65249 composite?
True
Is 13159 a prime number?
True
Is 23459 prime?
True
Is 612242 a composite number?
True
Is 187667 a composite number?
True
Is 301349 a prime number?
True
Is 300557 composite?
False
Is 151319 prime?
False
Is 8509 composite?
True
Is 64837 prime?
False
Is 582719 a prime number?
True
Is 52489 a composite number?
False
Is 242129 composite?
False
Is 2219 a composite number?
True
Is 11953 composite?
False
Is 146401 composite?
True
Is 42487 prime?
True
Is 6469 a composite number?
False
Is 63022 a prime number?
False
Is 3683 a composite number?
True
Is 135097 a composite number?
True
Is 150503 prime?
True
Is 94699 prime?
False
Is 719 composite?
False
Is 694767 a prime number?
False
Is 161629 a prime number?
False
Is 1157699 a prime number?
True
Is 7789 a composite number?
False
Is 112621 a prime number?
True
Is 555653 a prime number?
False
Is 234237 composite?
True
Is 552553 a prime number?
True
Is 5077 a composite number?
False
Is 20957 prime?
False
Is 64313 a composite number?
True
Is 28327 composite?
True
Is 77543 prime?
True
Is 785877 a composite number?
True
Is 10289 a prime number?
True
Is 5737 composite?
False
Is 5941 a composite number?
True
Is 41579 composite?
False
Is 68345 prime?
False
Is 50717 a prime number?
False
Is 54631 a prime number?
True
Is 86641 a prime number?
False
Is 9803 composite?
False
Is 982895 prime?
False
Is 179609 a prime number?
False
Is 3479201 prime?
False
Is 230647 a composite number?
False
Is 27299 composite?
False
Is 666515 a composite number?
True
Is 15567 composite?
True
Is 3409339 composite?
False
Is 13378 a prime number?
False
Is 9391 a prime number?
True
Is 8353 prime?
True
Is 84733 prime?
False
Is 6074 a composite number?
True
Is 282617 prime?
True
Is 1137067 a prime number?
True
Is 3389 prime?
True
Is 14369 a prime number?
True
Is 248165 composite?
True
Is 36629 a prime number?
True
Is 240197 a composite number?
False
Is 1467749 a composite number?
False
Is 65605 prime?
False
Is 10249 a prime number?
False
Is 652787 a prime number?
True
Is 18763 a prime number?
False
Is 7343 a composite number?
True
Is 12515 a composite number?
True
Is 170111 composite?
False
Is 724309 a composite number?
False
Is 1549249 a prime number?
False
Is 245761 prime?
False
Is 5583 prime?
False
Is 4327 prime?
True
Is 710599 a composite number?
False
Is 1331567 a prime number?
True
Is 1277 a prime number?
True
Is 291271 composite?
False
Is 5200711 a composite number?
False
Is 47555 a prime number?
False
Is 319363 a composite number?
True
Is 122819 composite?
False
Is 88379 prime?
True
Is 242033 a composite number?
True
Is 3821 a composite number?
False
Is 18773 a prime number?
True
Is 3139 a prime number?
False
Is 7741 a prime number?
True
Is 759821 a prime number?
True
Is 30223 composite?
False
Is 1367 composite?
False
Is 9298 prime?
False
Is 15746 a composite number?
True
Is 33377 prime?
True
Is 472267 a composite number?
True
Is 598931 a prime number?
True
Is 116483 composite?
False
Is 2765681 a prime number?
False
Is 190979 a composite number?
False
Is 11441 composite?
True
Is 366547 a prime number?
True
Is 16223 a composite number?
False
Is 4679 a prime number?
True
Is 286261 a composite number?
True
Is 6289 a composite number?
True
Is 95594 composite?
True
Is 255971 a prime number?
True
Is 2459 a prime number?
True
Is 16871 prime?
True
Is 312439 composite?
True
Is 34507 prime?
False
Is 18811 a composite number?
True
Is 12601 a composite number?
False
Is 40213 a composite number?
False
Is 4622 prime?
False
Is 851 composite?
True
Is 740227 prime?
True
Is 2757 a composite number?
True
Is 34197 a composite number?
True
Is 13726 a prime number?
False
Is 49705 a composite number?
True
Is 1990679 a prime number?
True
Is 427813 a composite number?
False
Is 34217 a composite number?
False
Is 17002 a composite number?
True
Is 674647 a composite number?
False
Is 53315 a composite number?
True
Is 95603 a prime number?
True
Is 11657 a composite number?
False
Is 8704715 a prime number?
False
Is 529921 a prime number?
False
Is 151709 a prime number?
False
Is 1717337 a prime number?
True
Is 2674135 a prime number?
False
Is 3433 a prime number?
True
Is 4721 composite?
False
Is 1293 composite?
True
Is 250007 a prime number?
True
Is 1548589 composite?
True
Is 27323 a composite number?
True
I